0 - i**4/4 + 2*i**3/3 - i**2. What are the prime factors of p(f)?
11
Let f be 0 + ((-58)/(-2) - 0). Suppose -4*v = -4*g - 24, -5*v + 1 = -3*g - f. Suppose v*i - 4*i - 2*j = 0, 0 = -3*j + 15. What are the prime factors of i?
5
Let o be 4 + -4 + -1 + 5. Let r(v) = 3*v - 9. List the prime factors of r(o).
3
Let r = -14 - -20. Let c(g) = -g**2 - 5*g + g**2 + g**2 - 1. What are the prime factors of c(r)?
5
Let q(d) = -d - 6. Let a be q(-8). What are the prime factors of (-158)/(-4) - (-1)/a?
2, 5
Suppose -2*k - 3*t + 8 = 0, 3*k - 2*t - 11 - 1 = 0. Suppose -1 + k = -y, -4*c + y = -43. What are the prime factors of c?
2, 5
Suppose 3*i - 3*l - 738 - 303 = 0, 2*i = l + 696. What are the prime factors of i?
349
List the prime factors of (0 - 4) + 19 + 4.
19
Let g be -1 + 1 - (5 - 5). Suppose 8*o - 6*o - 32 = g. What are the prime factors of o?
2
Suppose -2*f + 3*f - 267 = -4*d, 3*d - 5*f - 183 = 0. Let g = d + -43. List the prime factors of g.
23
Suppose -5*t + 7 - 22 = 0. Let i be (4/t)/((-4)/6). Suppose -l + 33 = i*l. List the prime factors of l.
11
Suppose -12 = -d - 3*d, -5*h + 6 = 2*d. Suppose -3*x = 4*l - 0*x, h = -4*l - x. List the prime factors of (3 - l/3) + 0.
3
Let s(l) = -l**3 + l**2 + l + 6. Let a be s(0). Suppose 2*d + 2*v - 48 = 0, 2*d - a*d - 2*v + 94 = 0. List the prime factors of d.
23
Let b be ((-16)/(-20))/((-4)/(-10)). Suppose -b*z + 20 = 2*z. List the prime factors of z.
5
Let p(y) = 2*y + 18. List the prime factors of p(-4).
2, 5
Let g = -24 - -27. Suppose 10*b = g*b + 273. List the prime factors of b.
3, 13
Let r(p) = -11*p**3 - p**2 - p + 1. Let z be r(-2). Suppose 4*q + 11 = z. Suppose 5*c = 26 + q. List the prime factors of c.
3
Suppose 0 = -2*j - 2*p + 3*p + 44, -5*p - 13 = -j. List the prime factors of j.
23
Suppose 6 - 2 = -n. Suppose -2*k + 9 + 29 = 0. What are the prime factors of n/12 + k/3?
2, 3
Suppose h - 4*h + 497 = 5*y, -3*h = -5*y + 503. What are the prime factors of y?
2, 5
Let l be 0/(-1) - (-47 - -6). Suppose 3*i + 4*r = r - 9, 3*i - 5*r + l = 0. Let f = 10 + i. What are the prime factors of f?
3
Suppose 5*n - 82 = -4*y + 29, -n = 3*y - 75. Suppose -g + 5*r - y = -3*g, -4*g + 3*r = -74. What are the prime factors of g?
17
Suppose -9*s = -14*s + 320. List the prime factors of s.
2
Let x = -27 - -17. Suppose 5*s - s = -24. Let w = s - x. What are the prime factors of w?
2
Let n(x) = 2*x**2 + 2*x + 28. List the prime factors of n(0).
2, 7
Let i be 60/14 - (-2)/(-7). Suppose -7 = -i*d + 5*v, -5*d + 4*v + 1 = -1. What are the prime factors of -3 - d - (-1 - 10)?
2, 5
List the prime factors of (-3)/(-2) + (-1000)/(-16).
2
Suppose 4*t + 392 = -2*j + 1380, 5*t + 3*j = 1236. List the prime factors of t.
2, 3, 41
Suppose 208 = 2*o - 114. What are the prime factors of o?
7, 23
Let b(z) = z**3 - 2*z**2 + 2*z + 6. What are the prime factors of b(3)?
3, 7
Suppose t = -7 + 17. Let q be (-2)/6 + t/(-6). List the prime factors of q + (-9)/(-1) + -2.
5
Let z = 15 + -11. Suppose -g + 56 - 13 = z*y, 4*y + 3*g = 49. What are the prime factors of y?
2, 5
What are the prime factors of (-12)/(-3) + 395/5?
83
List the prime factors of (-98)/(-8) - 30/(-40).
13
Let y = -8 - -84. List the prime factors of y.
2, 19
Suppose -3*u = 3*j - 51, 0 = -0*j + j - 2*u - 32. What are the prime factors of j?
2, 11
Let u = 8 - 6. Suppose 7*o - u*o = 45. Let d = -2 + o. List the prime factors of d.
7
Let y = 2 + 51. Suppose 0 = 3*c - 13 - y. Let f = c + -13. List the prime factors of f.
3
Let z(w) be the first derivative of w**4/12 - w**3/2 - w**2/2 + 2*w + 3. Let r(u) be the first derivative of z(u). List the prime factors of r(5).
3
Let z(q) = 3*q + 2. Let w = 0 + 4. What are the prime factors of z(w)?
2, 7
Suppose 4*c + 1 = -7. Let u be c/4*(-16)/2. Suppose 0 = -5*o + 4*q + 55, -3*o - 11 = -u*o - q. What are the prime factors of o?
11
Suppose -4*f - 4*f = -376. What are the prime factors of f?
47
Let i be (-61)/(-7) - (-4)/14. Let x = i - 6. Suppose 0 = -4*v - x*m + 31, -4*v + 0*m - 4*m + 32 = 0. What are the prime factors of v?
7
Suppose 2*p = 7*p. Let w = p + 2. List the prime factors of (10/15)/(w/18).
2, 3
Let k(f) = f**2 + f + 4. Let w(b) = b**3 - 8*b**2 - b + 8. Let s be w(8). List the prime factors of k(s).
2
Suppose f = -5*i - f + 235, 0 = 2*i - f - 103. What are the prime factors of i?
7
Suppose 3*n = 5*n + 42. What are the prime factors of -3 - (-2 - 4) - n?
2, 3
Suppose -3 = p - 2*f, -f = 2*p - 2*f - 6. Suppose 0 = 4*u + p - 13. What are the prime factors of u?
2
List the prime factors of (96/56)/((-2)/(-14)).
2, 3
Let a = -16 + 23. Let w(k) = 9*k - 15 + 16 - k**3 + 2*k**3 - 8*k**2. List the prime factors of w(a).
3, 5
Let f be (-30)/(-8)*16/(-6). Let l(d) = d**2 + 5*d - 1. What are the prime factors of l(f)?
7
Let r(u) = -u**3 - u**2 + u - 1. Let d(x) = -4*x**3 - 10*x**2 + 3*x - 12. Let s(p) = -d(p) + 5*r(p). What are the prime factors of s(5)?
17
List the prime factors of (-3)/(-1) - 2 - -37.
2, 19
Let w be -68*(0 - 9/(-12)). Let f = -19 - w. What are the prime factors of f?
2
Let v be (0 - -1)*(13 - 0). Suppose 0 = -3*l - 1 + v. Suppose l*b - 7 = 3*b. What are the prime factors of b?
7
Let x(h) = -h**3 + 11*h**2 + 3*h + 15. Let y be x(11). Suppose -y = -u - u. List the prime factors of u.
2, 3
Let l(j) = -j**3 + 3*j**2 + 3*j + 4. Let a be l(3). Let g = 11 + a. What are the prime factors of g?
2, 3
Let f(p) = -9*p + 13. What are the prime factors of f(-3)?
2, 5
Suppose -5*m + 62 = -4*m. What are the prime factors of m?
2, 31
Suppose 10*s - 5*s = 4*y + 53, 4*y + 80 = -4*s. Let c = y + 31. What are the prime factors of -2 + c/2 + -2?
3
Let w(f) = -f**3 + 11*f**2 + f + 7. What are the prime factors of w(11)?
2, 3
Let i be 0 + -30 - (-12)/(-3). Let g = 14 - i. What are the prime factors of g?
2, 3
Let c(g) = 21*g + 4. What are the prime factors of c(4)?
2, 11
Let x = -25 + 338. List the prime factors of x.
313
Let k be (-4)/6 + (-444)/(-18). Suppose -q = -3*b - 20, 5*b = -4*q + k + 5. List the prime factors of (q + -1)*18/15.
2, 3
Let v(m) = -m**3 + 1. Suppose -3*j + 2*c = -7, -j + 6*j - 4*c = 13. Let w be v(j). Suppose w = -3*p - 5 + 17. What are the prime factors of p?
2
Let t = -5 + 9. Suppose 4*a - 6*a - 29 = -5*z, -t*a - 4*z + 12 = 0. What are the prime factors of (2/3)/(a/(-39))?
13
Let i be 1 - (0 + 0) - -1. Suppose 4*r = -4*m, -r + 16 = 3*m - i*r. What are the prime factors of m?
2
Let b be (-4)/(-8) - (-10)/4. Suppose b*d - 10 - 20 = 0. List the prime factors of d.
2, 5
Let f(q) = -10 - 6*q + 3*q - q**2 - 6*q. List the prime factors of f(-5).
2, 5
Let l = 69 + -31. What are the prime factors of l?
2, 19
List the prime factors of 226/6*12/4.
113
Suppose -2*m - 50 = -t, -m - 121 = -4*t + 72. What are the prime factors of t?
2, 3
Suppose -5*u = a - 836, -669 = -u - 3*u - a. List the prime factors of u.
167
Let p = -54 - -321. List the prime factors of p.
3, 89
Let r = -93 + 17. Let b = 106 + r. List the prime factors of b.
2, 3, 5
List the prime factors of (-2)/(8/(-74)) + (-4)/(-8).
19
Suppose 5*j = 5*r + 20, -r + 44 = 2*j + 3*j. Let n(d) = d**3 - 9*d**2 + 11*d - 11. List the prime factors of n(j).
13
Let l = 220 + -118. List the prime factors of l.
2, 3, 17
Let j = 42 - 30. Let c = -7 + j. List the prime factors of c.
5
Let k = -8 + 6. What are the prime factors of k/(-10) + (-59)/(-5)?
2, 3
Let u(l) = 5*l**2 + 4*l - 3. Let t be u(4). Let h = t + -38. Suppose 3*y + 2*y - h = 0. What are the prime factors of y?
11
Let s be 16/(-6)*117/(-12). Suppose -2*p = -t + s - 6, 20 = t - 5*p. List the prime factors of t.
2, 5
Let n = -4 - -5. Let l be 8 + 0 + 0 + n. Let f(c) = -c**3 + 8*c**2 + 11*c - 10. List the prime factors of f(l).
2
Let t = -2 + -1. Let u be -3 - (-2)/((-2)/t). Suppose -5*b + 5 + 15 = u, 3*b - 16 = -r. What are the prime factors of r?
2
Suppose -3*v - 3*x - 30 = 0, 0 = -4*v - x + 2*x - 25. Let k = v - -13. Suppose 4*a + 10 = 3*n, k*n = 3*n + 5*a + 8. List the prime factors of n.
2, 3
Let a be (-23)/(-7) + 6/(-21). Let u(k) = -k**2 + 5*k - 1. List the prime factors of u(a).
5
Suppose 2*s - 10 = s. Let o = s + -5. List the prime factors of o.
5
Let p = 44 + -16. Let z be 0 - 1/1*-5. Suppose -p = 3*c - z*c. What are the prime factors of c?
2, 7
Suppose -a + v + 27 = -0*a, -2*v + 2 = 0. Suppose -4*x = -2*x + a. List the pr